{"id":2294,"date":"2023-04-17T12:02:27","date_gmt":"2023-04-17T10:02:27","guid":{"rendered":"https:\/\/ac2.website\/?page_id=2294"},"modified":"2023-04-21T16:42:43","modified_gmt":"2023-04-21T14:42:43","slug":"cgv","status":"publish","type":"page","link":"https:\/\/ac2.website\/index.php\/cgv\/","title":{"rendered":"CGV"},"content":{"rendered":"\t\t<div data-elementor-type=\"wp-page\" data-elementor-id=\"2294\" class=\"elementor elementor-2294\" data-elementor-post-type=\"page\">\n\t\t\t\t\t\t<section class=\"elementor-section elementor-top-section elementor-element elementor-element-5c8da7f elementor-section-boxed elementor-section-height-default elementor-section-height-default\" data-id=\"5c8da7f\" data-element_type=\"section\" data-e-type=\"section\" data-settings=\"{&quot;background_background&quot;:&quot;classic&quot;}\">\n\t\t\t\t\t\t<div class=\"elementor-container elementor-column-gap-default\">\n\t\t\t\t\t<div class=\"elementor-column elementor-col-100 elementor-top-column elementor-element elementor-element-76af051\" data-id=\"76af051\" data-element_type=\"column\" data-e-type=\"column\">\n\t\t\t<div class=\"elementor-widget-wrap elementor-element-populated\">\n\t\t\t\t\t\t<div class=\"elementor-element elementor-element-04607d5 elementor-widget elementor-widget-heading\" data-id=\"04607d5\" data-element_type=\"widget\" data-e-type=\"widget\" data-widget_type=\"heading.default\">\n\t\t\t\t<div class=\"elementor-widget-container\">\n\t\t\t\t\t<h1 class=\"elementor-heading-title elementor-size-default\">Conditions G\u00e9n\u00e9rales de Vente AC2 (CGV AC2) - Coaching en D\u00e9veloppement Professionnel<\/h1>\t\t\t\t<\/div>\n\t\t\t\t<\/div>\n\t\t\t\t<div class=\"elementor-element elementor-element-2c63e04 elementor-widget elementor-widget-text-editor\" data-id=\"2c63e04\" data-element_type=\"widget\" data-e-type=\"widget\" data-widget_type=\"text-editor.default\">\n\t\t\t\t<div class=\"elementor-widget-container\">\n\t\t\t\t\t\t\t\t\t<p><strong>Objet des CGV <\/strong>: Les pr\u00e9sentes Conditions G\u00e9n\u00e9rales de Vente ont pour objet de d\u00e9finir les modalit\u00e9s de vente de nos prestations de coaching en d\u00e9veloppement professionnel, propos\u00e9es par AC2, dont le site internet est <a href=\"http:\/\/www.ac2.website\/\">ac2.website<\/a>, l&rsquo;adresse e-mail de contact est <a href=\"mailto:ac2website@gmail.com\">ac2website@gmail.com<\/a>, le num\u00e9ro de t\u00e9l\u00e9phone est +33 (0)6 08 40 98 10, l&rsquo;adresse est : 7 rue du prias &#8211; 86380 Chabournay, et le num\u00e9ro de SIRET est 91159197200011.<\/p><p><strong>Prestations propos\u00e9es<\/strong> : AC2 propose des prestations de coaching en d\u00e9veloppement professionnel \u00e0 ses clients. Les prestations sont d\u00e9crites en d\u00e9tail sur notre site internet <a href=\"http:\/\/www.ac2.website\/\">ac2.website<\/a>.<\/p><p><strong>Commandes et devis<\/strong> : Les commandes peuvent \u00eatre pass\u00e9es par t\u00e9l\u00e9phone, par e-mail ou par l&rsquo;interm\u00e9diaire de notre site internet. Les devis sont gratuits et \u00e9mis sur demande. Le client accepte le devis en signant le contrat qui lui est envoy\u00e9 par e-mail.<\/p><p><strong>Tarifs<\/strong> :\u00a0 Les tarifs des prestations de coaching en d\u00e9veloppement professionnel sont indiqu\u00e9s sur notre site internet <a href=\"http:\/\/www.ac2.website\/\">ac2.website<\/a> et sur les devis \u00e9mis. Les tarifs sont en euros et sont soumis \u00e0 la TVA en vigueur.<\/p><p><strong>Modalit\u00e9s de paiement<\/strong> : Le paiement des prestations peut \u00eatre effectu\u00e9 par virement bancaire ou par ch\u00e8que \u00e0 l&rsquo;ordre d&rsquo;AC2. Les prestations sont payables \u00e0 l&rsquo;avance, sauf accord contraire convenu entre AC2 et le client.<\/p><p><strong>Annulation ou report de s\u00e9ance<\/strong> : En cas d&rsquo;annulation ou de report de s\u00e9ance de coaching en d\u00e9veloppement professionnel, le client doit en informer AC2 au moins 48 heures \u00e0 l&rsquo;avance. Si le client n&rsquo;informe pas AC2 dans les d\u00e9lais impartis, la s\u00e9ance sera consid\u00e9r\u00e9e comme due et non remboursable.<\/p><p><strong>Confidentialit\u00e9<\/strong> : Toutes les informations communiqu\u00e9es par le client \u00e0 AC2 sont confidentielles et ne seront pas divulgu\u00e9es \u00e0 des tiers, sauf accord contraire du client ou obligation l\u00e9gale.<\/p><p><strong>Responsabilit\u00e9<\/strong> : AC2 ne peut \u00eatre tenue responsable des cons\u00e9quences directes ou indirectes de l&rsquo;utilisation des prestations de coaching en d\u00e9veloppement professionnel, ni des retards ou des perturbations li\u00e9s \u00e0 des \u00e9v\u00e9nements ind\u00e9pendants de sa volont\u00e9.<\/p><p><strong>Droit applicable<\/strong> : Les pr\u00e9sentes CGV sont soumises au droit fran\u00e7ais. En cas de litige, le client et AC2 s&rsquo;efforceront de r\u00e9soudre leur diff\u00e9rend \u00e0 l&rsquo;amiable. \u00c0 d\u00e9faut, les tribunaux fran\u00e7ais seront seuls comp\u00e9tents pour conna\u00eetre de ce litige.<\/p><p><strong>Modification des CGV<\/strong> :\u00a0 AC2 se r\u00e9serve le droit de modifier les pr\u00e9sentes CGV \u00e0 tout moment, sans pr\u00e9avis. Les CGV applicables sont celles en vigueur au moment de la commande.<\/p><p><strong>Entr\u00e9e en vigueur<\/strong> : Les pr\u00e9sentes CGV entrent en vigueur \u00e0 compter du 8 avril 2023.<\/p>\t\t\t\t\t\t\t\t<\/div>\n\t\t\t\t<\/div>\n\t\t\t\t\t<\/div>\n\t\t<\/div>\n\t\t\t\t\t<\/div>\n\t\t<\/section>\n\t\t\t\t<section class=\"elementor-section elementor-top-section elementor-element elementor-element-658b75d elementor-section-boxed elementor-section-height-default elementor-section-height-default\" data-id=\"658b75d\" data-element_type=\"section\" data-e-type=\"section\" data-settings=\"{&quot;background_background&quot;:&quot;classic&quot;}\">\n\t\t\t\t\t\t<div class=\"elementor-container elementor-column-gap-default\">\n\t\t\t\t\t<div class=\"elementor-column elementor-col-20 elementor-top-column elementor-element elementor-element-3df249d\" data-id=\"3df249d\" data-element_type=\"column\" data-e-type=\"column\">\n\t\t\t<div class=\"elementor-widget-wrap\">\n\t\t\t\t\t\t\t<\/div>\n\t\t<\/div>\n\t\t\t\t<div class=\"elementor-column elementor-col-20 elementor-top-column elementor-element elementor-element-8434f95\" data-id=\"8434f95\" data-element_type=\"column\" data-e-type=\"column\">\n\t\t\t<div class=\"elementor-widget-wrap elementor-element-populated\">\n\t\t\t\t\t\t<div class=\"elementor-element elementor-element-75fe7df elementor-align-center elementor-widget elementor-widget-button\" data-id=\"75fe7df\" data-element_type=\"widget\" data-e-type=\"widget\" data-widget_type=\"button.default\">\n\t\t\t\t<div class=\"elementor-widget-container\">\n\t\t\t\t\t\t\t\t\t<div class=\"elementor-button-wrapper\">\n\t\t\t\t\t<a class=\"elementor-button elementor-button-link elementor-size-sm\" href=\"https:\/\/ac2.website\/index.php\/mentions-legales\/\">\n\t\t\t\t\t\t<span class=\"elementor-button-content-wrapper\">\n\t\t\t\t\t\t\t\t\t<span class=\"elementor-button-text\">Mentions l\u00e9gales<\/span>\n\t\t\t\t\t<\/span>\n\t\t\t\t\t<\/a>\n\t\t\t\t<\/div>\n\t\t\t\t\t\t\t\t<\/div>\n\t\t\t\t<\/div>\n\t\t\t\t\t<\/div>\n\t\t<\/div>\n\t\t\t\t<div class=\"elementor-column elementor-col-20 elementor-top-column elementor-element elementor-element-e1cd227\" data-id=\"e1cd227\" data-element_type=\"column\" data-e-type=\"column\">\n\t\t\t<div class=\"elementor-widget-wrap\">\n\t\t\t\t\t\t\t<\/div>\n\t\t<\/div>\n\t\t\t\t<div class=\"elementor-column elementor-col-20 elementor-top-column elementor-element elementor-element-f8cc857\" data-id=\"f8cc857\" data-element_type=\"column\" data-e-type=\"column\">\n\t\t\t<div class=\"elementor-widget-wrap elementor-element-populated\">\n\t\t\t\t\t\t<div class=\"elementor-element elementor-element-1787444 elementor-align-center elementor-widget elementor-widget-button\" data-id=\"1787444\" data-element_type=\"widget\" data-e-type=\"widget\" data-widget_type=\"button.default\">\n\t\t\t\t<div class=\"elementor-widget-container\">\n\t\t\t\t\t\t\t\t\t<div class=\"elementor-button-wrapper\">\n\t\t\t\t\t<a class=\"elementor-button elementor-button-link elementor-size-sm\" href=\"https:\/\/ac2.website\/index.php\/politique-de-confidentialite\/\">\n\t\t\t\t\t\t<span class=\"elementor-button-content-wrapper\">\n\t\t\t\t\t\t\t\t\t<span class=\"elementor-button-text\">Politique de confidentialit\u00e9<\/span>\n\t\t\t\t\t<\/span>\n\t\t\t\t\t<\/a>\n\t\t\t\t<\/div>\n\t\t\t\t\t\t\t\t<\/div>\n\t\t\t\t<\/div>\n\t\t\t\t\t<\/div>\n\t\t<\/div>\n\t\t\t\t<div class=\"elementor-column elementor-col-20 elementor-top-column elementor-element elementor-element-e457cec\" data-id=\"e457cec\" data-element_type=\"column\" data-e-type=\"column\">\n\t\t\t<div class=\"elementor-widget-wrap\">\n\t\t\t\t\t\t\t<\/div>\n\t\t<\/div>\n\t\t\t\t\t<\/div>\n\t\t<\/section>\n\t\t\t\t<\/div>\n\t\t","protected":false},"excerpt":{"rendered":"<p>Conditions G\u00e9n\u00e9rales de Vente AC2 (CGV AC2) &#8211; Coaching en D\u00e9veloppement Professionnel Objet des CGV : Les pr\u00e9sentes Conditions G\u00e9n\u00e9rales de Vente ont pour objet de d\u00e9finir les modalit\u00e9s de vente de nos prestations de coaching en d\u00e9veloppement professionnel, propos\u00e9es par AC2, dont le site internet est ac2.website, l&rsquo;adresse e-mail de contact est ac2website@gmail.com, le [&hellip;]<\/p>\n","protected":false},"author":1,"featured_media":0,"parent":0,"menu_order":0,"comment_status":"closed","ping_status":"closed","template":"","meta":{"site-sidebar-layout":"no-sidebar","site-content-layout":"page-builder","ast-site-content-layout":"","site-content-style":"default","site-sidebar-style":"default","ast-global-header-display":"","ast-banner-title-visibility":"","ast-main-header-display":"","ast-hfb-above-header-display":"","ast-hfb-below-header-display":"","ast-hfb-mobile-header-display":"","site-post-title":"disabled","ast-breadcrumbs-content":"","ast-featured-img":"disabled","footer-sml-layout":"","theme-transparent-header-meta":"","adv-header-id-meta":"","stick-header-meta":"","header-above-stick-meta":"","header-main-stick-meta":"","header-below-stick-meta":"","astra-migrate-meta-layouts":"default","ast-page-background-enabled":"default","ast-page-background-meta":{"desktop":{"background-color":"var(--ast-global-color-4)","background-image":"","background-repeat":"repeat","background-position":"center center","background-size":"auto","background-attachment":"scroll","background-type":"","background-media":"","overlay-type":"","overlay-color":"","overlay-opacity":"","overlay-gradient":""},"tablet":{"background-color":"","background-image":"","background-repeat":"repeat","background-position":"center center","background-size":"auto","background-attachment":"scroll","background-type":"","background-media":"","overlay-type":"","overlay-color":"","overlay-opacity":"","overlay-gradient":""},"mobile":{"background-color":"","background-image":"","background-repeat":"repeat","background-position":"center center","background-size":"auto","background-attachment":"scroll","background-type":"","background-media":"","overlay-type":"","overlay-color":"","overlay-opacity":"","overlay-gradient":""}},"ast-content-background-meta":{"desktop":{"background-color":"var(--ast-global-color-5)","background-image":"","background-repeat":"repeat","background-position":"center center","background-size":"auto","background-attachment":"scroll","background-type":"","background-media":"","overlay-type":"","overlay-color":"","overlay-opacity":"","overlay-gradient":""},"tablet":{"background-color":"var(--ast-global-color-5)","background-image":"","background-repeat":"repeat","background-position":"center center","background-size":"auto","background-attachment":"scroll","background-type":"","background-media":"","overlay-type":"","overlay-color":"","overlay-opacity":"","overlay-gradient":""},"mobile":{"background-color":"var(--ast-global-color-5)","background-image":"","background-repeat":"repeat","background-position":"center center","background-size":"auto","background-attachment":"scroll","background-type":"","background-media":"","overlay-type":"","overlay-color":"","overlay-opacity":"","overlay-gradient":""}},"footnotes":""},"class_list":["post-2294","page","type-page","status-publish","hentry"],"yoast_head":"<!-- This site is optimized with the Yoast SEO plugin v27.2 - https:\/\/yoast.com\/product\/yoast-seo-wordpress\/ -->\n<title>CGV - AC2-Website<\/title>\n<meta name=\"description\" content=\"CGV - Conditions G\u00e9n\u00e9rales de Vente d&#039;AC2, soci\u00e9t\u00e9 de coaching en d\u00e9veloppement professionnel par un coach certifi\u00e9\" \/>\n<meta name=\"robots\" content=\"index, follow, max-snippet:-1, max-image-preview:large, max-video-preview:-1\" \/>\n<link rel=\"canonical\" href=\"https:\/\/ac2.website\/index.php\/cgv\/\" \/>\n<meta property=\"og:locale\" content=\"fr_FR\" \/>\n<meta property=\"og:type\" content=\"article\" \/>\n<meta property=\"og:title\" content=\"CGV - AC2-Website\" \/>\n<meta property=\"og:description\" content=\"CGV - Conditions G\u00e9n\u00e9rales de Vente d&#039;AC2, soci\u00e9t\u00e9 de coaching en d\u00e9veloppement professionnel par un coach certifi\u00e9\" \/>\n<meta property=\"og:url\" content=\"https:\/\/ac2.website\/index.php\/cgv\/\" \/>\n<meta property=\"og:site_name\" content=\"AC2-Website\" \/>\n<meta property=\"article:publisher\" content=\"https:\/\/www.facebook.com\/profile.php?id=100086991480037\" \/>\n<meta property=\"article:modified_time\" content=\"2023-04-21T14:42:43+00:00\" \/>\n<meta name=\"twitter:card\" content=\"summary_large_image\" \/>\n<meta name=\"twitter:label1\" content=\"Dur\u00e9e de lecture estim\u00e9e\" \/>\n\t<meta name=\"twitter:data1\" content=\"3 minutes\" \/>\n<script type=\"application\/ld+json\" class=\"yoast-schema-graph\">{\"@context\":\"https:\/\/schema.org\",\"@graph\":[{\"@type\":\"WebPage\",\"@id\":\"https:\/\/ac2.website\/index.php\/cgv\/\",\"url\":\"https:\/\/ac2.website\/index.php\/cgv\/\",\"name\":\"CGV - AC2-Website\",\"isPartOf\":{\"@id\":\"https:\/\/ac2.website\/#website\"},\"datePublished\":\"2023-04-17T10:02:27+00:00\",\"dateModified\":\"2023-04-21T14:42:43+00:00\",\"description\":\"CGV - Conditions G\u00e9n\u00e9rales de Vente d'AC2, soci\u00e9t\u00e9 de coaching en d\u00e9veloppement professionnel par un coach certifi\u00e9\",\"breadcrumb\":{\"@id\":\"https:\/\/ac2.website\/index.php\/cgv\/#breadcrumb\"},\"inLanguage\":\"fr-FR\",\"potentialAction\":[{\"@type\":\"ReadAction\",\"target\":[\"https:\/\/ac2.website\/index.php\/cgv\/\"]}]},{\"@type\":\"BreadcrumbList\",\"@id\":\"https:\/\/ac2.website\/index.php\/cgv\/#breadcrumb\",\"itemListElement\":[{\"@type\":\"ListItem\",\"position\":1,\"name\":\"Accueil\",\"item\":\"https:\/\/ac2.website\/\"},{\"@type\":\"ListItem\",\"position\":2,\"name\":\"CGV\"}]},{\"@type\":\"WebSite\",\"@id\":\"https:\/\/ac2.website\/#website\",\"url\":\"https:\/\/ac2.website\/\",\"name\":\"AC2-Website\",\"description\":\"Se transcender tout en se pr\u00e9servant !\",\"publisher\":{\"@id\":\"https:\/\/ac2.website\/#organization\"},\"alternateName\":\"AC2\",\"potentialAction\":[{\"@type\":\"SearchAction\",\"target\":{\"@type\":\"EntryPoint\",\"urlTemplate\":\"https:\/\/ac2.website\/?s={search_term_string}\"},\"query-input\":{\"@type\":\"PropertyValueSpecification\",\"valueRequired\":true,\"valueName\":\"search_term_string\"}}],\"inLanguage\":\"fr-FR\"},{\"@type\":\"Organization\",\"@id\":\"https:\/\/ac2.website\/#organization\",\"name\":\"AC2 Coaching Consulting Mentoring\",\"alternateName\":\"AC2 Coaching Consulting Mentoring\",\"url\":\"https:\/\/ac2.website\/\",\"logo\":{\"@type\":\"ImageObject\",\"inLanguage\":\"fr-FR\",\"@id\":\"https:\/\/ac2.website\/#\/schema\/logo\/image\/\",\"url\":\"https:\/\/ac2.website\/wp-content\/uploads\/2023\/02\/cropped-Papa.png\",\"contentUrl\":\"https:\/\/ac2.website\/wp-content\/uploads\/2023\/02\/cropped-Papa.png\",\"width\":512,\"height\":512,\"caption\":\"AC2 Coaching Consulting Mentoring\"},\"image\":{\"@id\":\"https:\/\/ac2.website\/#\/schema\/logo\/image\/\"},\"sameAs\":[\"https:\/\/www.facebook.com\/profile.php?id=100086991480037\",\"https:\/\/www.instagram.com\/coaching.consulting.mentoring\/?hl=fr\"]}]}<\/script>\n<!-- \/ Yoast SEO plugin. -->","yoast_head_json":{"title":"CGV - AC2-Website","description":"CGV - Conditions G\u00e9n\u00e9rales de Vente d'AC2, soci\u00e9t\u00e9 de coaching en d\u00e9veloppement professionnel par un coach certifi\u00e9","robots":{"index":"index","follow":"follow","max-snippet":"max-snippet:-1","max-image-preview":"max-image-preview:large","max-video-preview":"max-video-preview:-1"},"canonical":"https:\/\/ac2.website\/index.php\/cgv\/","og_locale":"fr_FR","og_type":"article","og_title":"CGV - AC2-Website","og_description":"CGV - Conditions G\u00e9n\u00e9rales de Vente d'AC2, soci\u00e9t\u00e9 de coaching en d\u00e9veloppement professionnel par un coach certifi\u00e9","og_url":"https:\/\/ac2.website\/index.php\/cgv\/","og_site_name":"AC2-Website","article_publisher":"https:\/\/www.facebook.com\/profile.php?id=100086991480037","article_modified_time":"2023-04-21T14:42:43+00:00","twitter_card":"summary_large_image","twitter_misc":{"Dur\u00e9e de lecture estim\u00e9e":"3 minutes"},"schema":{"@context":"https:\/\/schema.org","@graph":[{"@type":"WebPage","@id":"https:\/\/ac2.website\/index.php\/cgv\/","url":"https:\/\/ac2.website\/index.php\/cgv\/","name":"CGV - AC2-Website","isPartOf":{"@id":"https:\/\/ac2.website\/#website"},"datePublished":"2023-04-17T10:02:27+00:00","dateModified":"2023-04-21T14:42:43+00:00","description":"CGV - Conditions G\u00e9n\u00e9rales de Vente d'AC2, soci\u00e9t\u00e9 de coaching en d\u00e9veloppement professionnel par un coach certifi\u00e9","breadcrumb":{"@id":"https:\/\/ac2.website\/index.php\/cgv\/#breadcrumb"},"inLanguage":"fr-FR","potentialAction":[{"@type":"ReadAction","target":["https:\/\/ac2.website\/index.php\/cgv\/"]}]},{"@type":"BreadcrumbList","@id":"https:\/\/ac2.website\/index.php\/cgv\/#breadcrumb","itemListElement":[{"@type":"ListItem","position":1,"name":"Accueil","item":"https:\/\/ac2.website\/"},{"@type":"ListItem","position":2,"name":"CGV"}]},{"@type":"WebSite","@id":"https:\/\/ac2.website\/#website","url":"https:\/\/ac2.website\/","name":"AC2-Website","description":"Se transcender tout en se pr\u00e9servant !","publisher":{"@id":"https:\/\/ac2.website\/#organization"},"alternateName":"AC2","potentialAction":[{"@type":"SearchAction","target":{"@type":"EntryPoint","urlTemplate":"https:\/\/ac2.website\/?s={search_term_string}"},"query-input":{"@type":"PropertyValueSpecification","valueRequired":true,"valueName":"search_term_string"}}],"inLanguage":"fr-FR"},{"@type":"Organization","@id":"https:\/\/ac2.website\/#organization","name":"AC2 Coaching Consulting Mentoring","alternateName":"AC2 Coaching Consulting Mentoring","url":"https:\/\/ac2.website\/","logo":{"@type":"ImageObject","inLanguage":"fr-FR","@id":"https:\/\/ac2.website\/#\/schema\/logo\/image\/","url":"https:\/\/ac2.website\/wp-content\/uploads\/2023\/02\/cropped-Papa.png","contentUrl":"https:\/\/ac2.website\/wp-content\/uploads\/2023\/02\/cropped-Papa.png","width":512,"height":512,"caption":"AC2 Coaching Consulting Mentoring"},"image":{"@id":"https:\/\/ac2.website\/#\/schema\/logo\/image\/"},"sameAs":["https:\/\/www.facebook.com\/profile.php?id=100086991480037","https:\/\/www.instagram.com\/coaching.consulting.mentoring\/?hl=fr"]}]}},"_links":{"self":[{"href":"https:\/\/ac2.website\/index.php\/wp-json\/wp\/v2\/pages\/2294","targetHints":{"allow":["GET"]}}],"collection":[{"href":"https:\/\/ac2.website\/index.php\/wp-json\/wp\/v2\/pages"}],"about":[{"href":"https:\/\/ac2.website\/index.php\/wp-json\/wp\/v2\/types\/page"}],"author":[{"embeddable":true,"href":"https:\/\/ac2.website\/index.php\/wp-json\/wp\/v2\/users\/1"}],"replies":[{"embeddable":true,"href":"https:\/\/ac2.website\/index.php\/wp-json\/wp\/v2\/comments?post=2294"}],"version-history":[{"count":35,"href":"https:\/\/ac2.website\/index.php\/wp-json\/wp\/v2\/pages\/2294\/revisions"}],"predecessor-version":[{"id":2491,"href":"https:\/\/ac2.website\/index.php\/wp-json\/wp\/v2\/pages\/2294\/revisions\/2491"}],"wp:attachment":[{"href":"https:\/\/ac2.website\/index.php\/wp-json\/wp\/v2\/media?parent=2294"}],"curies":[{"name":"wp","href":"https:\/\/api.w.org\/{rel}","templated":true}]}}